41
Suppose -2*n - 60 = -17*n. Suppose 0 = 4*r - 3*p - 181, n*r + 5*p = p + 188. List the prime factors of r.
2, 23
Suppose -3*o - 99123 = 113*b - 118*b, 99129 = 5*b - 4*o. List the prime factors of b.
3, 6607
Let y = -469 + 474. Suppose 2495 + 3557 = y*r - 4*o, 3*o = -4*r + 4854. List the prime factors of r.
2, 3, 101
List the prime factors of ((-3067)/(-3))/(34/1488) - 23004/195534.
2, 3, 7457
Let q(m) = 138*m + 85. Let f = 502 + -494. What are the prime factors of q(f)?
29, 41
Suppose -5*k - 5 = 0, 6*a - 10*a + 36721 = -k. Suppose -10*u = 2*u - a. What are the prime factors of u?
3, 5, 17
Suppose 149*z - 559052 = 494378. List the prime factors of z.
2, 5, 7, 101
Let l = -27 - -36. Let r be (l - 6) + 0 + 1. Suppose -3*c = q - 883, -r*q + 519 + 73 = 2*c. What are the prime factors of c?
2, 3, 7
Suppose -67*k + 63*k = -3*j + 178406, 3*j - 178318 = -7*k. List the prime factors of j.
2, 7, 31, 137
Suppose -2*a + 1710 = -2*c - 10022, 4*a = -4*c + 23448. List the prime factors of a.
2, 733
Suppose 0 = -34*d + 29*d + 5*j - 860, d + 170 = 2*j. List the prime factors of d*32*7/(-42).
2, 29
Suppose 104028 = 7*s - 58307 + 43902. What are the prime factors of s?
7, 2417
Let i(n) = -3*n**3 + 11*n**2 - 11*n - 21. Let y be i(9). Let r = 2431 + y. List the prime factors of r.
5, 7, 29
Let h be (2907/(-19))/((-2)/12). Suppose -h - 1002 = -4*o. What are the prime factors of o?
2, 3, 5
Let i(g) = 8*g**2 + 117*g + 526. List the prime factors of i(21).
17, 383
Suppose 179*l - 4194940 + 1114529 = 0. What are the prime factors of l?
17209
Suppose -3*g + 2*i = -39401 - 9831, -6 = -3*i. List the prime factors of g.
2, 11, 373
Let m(o) be the first derivative of 3*o**2 - 2*o + 17/3*o**3 + 4. List the prime factors of m(-2).
2, 3
Let w(q) = 206*q**2 - 10*q + 10. Suppose -o = 5*b - 13 - 8, 2*o - b + 2 = 0. List the prime factors of w(o).
2, 103
Let j(z) = 3*z - 3. Let h be j(-1). Let m(l) = l**3 + 5*l**2 - 4*l + 18. Let s be m(h). What are the prime factors of (12/(-8))/(s/(-312))?
2, 3, 13
Suppose -y = -4*a + 93329, -5*a + 3*y + 116662 = 2*y. List the prime factors of a.
23333
Suppose 0 = 5*n + 20, -5*h - n - 5 + 21 = 0. Let l(v) = 15 - 5*v - 1 + 12*v. List the prime factors of l(h).
2, 3, 7
Let w(c) = -1275*c - 21. List the prime factors of w(-1).
2, 3, 11, 19
Let n(s) = -10*s**2 + s**3 - 104*s + 30*s**2 + 29*s + 172 + 14*s**2. What are the prime factors of n(-35)?
2, 3, 131
Suppose -315*g + 162*g - 63060 = -159*g. What are the prime factors of g?
2, 5, 1051
Suppose -4*i + i = -5*k + 1847, -5*k + 5*i + 1845 = 0. Suppose -4*u + 927 = 5*y - 0*y, k = 2*y + 2*u. List the prime factors of y.
11, 17
Let g(b) = 3*b**2 - 31*b + 14. Let d be g(10). Let k be (d/(-1))/(-1) - 2. What are the prime factors of ((-6)/4)/((-724)/(-368) - k)?
2, 23
Let y = 5 - 7. Let p(o) = -2*o**3 - 8*o**2 - 10*o - 8. Let b be p(-3). What are the prime factors of (b + y)*(-86)/(-2)?
2, 43
Let t(j) = -93*j + 121. Let p = -851 + 837. List the prime factors of t(p).
1423
Let z(j) = 12*j - 56. Let t be z(8). Let f = 883 + t. What are the prime factors of f?
13, 71
Let f = -39921 - -88889. What are the prime factors of f?
2, 6121
Let k(d) = 4*d - 24 - 41 + 25. What are the prime factors of k(15)?
2, 5
List the prime factors of (132/(-693)*(-357)/6)/(2/615).
5, 17, 41
List the prime factors of ((-10535)/2 + 6)/(3/(-6)).
17, 619
Suppose -5*s + 52 = -3. List the prime factors of (-12 + s)*(3 - 39).
2, 3
Suppose 37 = -4*w + 13. Let g = 104 + -51. Let a = g - w. List the prime factors of a.
59
Let u = 116560 + -55699. What are the prime factors of u?
3, 20287
Suppose 0 = 3*v - 13*v + 60. Suppose -v*a + 4*p = -11*a + 2080, 3*a - 1248 = -3*p. List the prime factors of a.
2, 13
Let o(h) = 2*h**2 + 30*h - 472. List the prime factors of o(74).
2, 5, 127
Suppose 3*q + j = 2*j + 9, 3*j = q - 11. Let f(k) = -3*k**3 + k**2 + 2*k + 2. Let c be f(q). What are the prime factors of 16/(-6)*1323/c?
2, 3, 7
Let g = -1368 + 750. Let m be ((-34)/(-51))/((4/g)/1). Let q = -36 - m. List the prime factors of q.
67
Let t(b) = -2*b**2 - 35*b + 62. Let v be t(-19). Suppose 0 = -o - 2*r + 601, -v*r - 566 = 5*o - 6*o. What are the prime factors of o?
3, 197
Let s = -52 + 59. Suppose -s*a + 8*a = -2. List the prime factors of (-102 - 11)/(a + 1).
113
Let k = -85 + 85. Suppose -16*q - 3*q + 5054 = k. What are the prime factors of q?
2, 7, 19
Suppose 33*u + 42962 = 48752 + 166173. What are the prime factors of u?
3, 193
Let t(o) = -34 - 7*o + 17 - 2*o + 37. What are the prime factors of t(-5)?
5, 13
Let c(n) = -6*n**2 - 53*n - 13. Let z(w) = -7*w**2 - 52*w - 13. Suppose -16*g - 42 = -2*g. Let f(r) = g*z(r) + 4*c(r). What are the prime factors of f(-16)?
5, 23
Let c(t) be the third derivative of 43*t**5/60 + t**4/8 + 2*t**3/3 - 20*t**2. Let l be c(-2). Suppose 2*n - l = 44. List the prime factors of n.
107
Let m be (-3108)/(-5) - (-99)/(-165). Suppose 7*n - m - 1444 = 0. What are the prime factors of n?
5, 59
Suppose -2*t = -j + 2*j + 24988, 0 = 2*j + 5*t + 49975. List the prime factors of (-1 - (-1)/3) + j/(-90).
277
Suppose 2*f - 31 + 11 = 0. Let o = f - 5. Suppose -i - o*c = -27 + 6, 3*i - 143 = 5*c. List the prime factors of i.
41
List the prime factors of (-1 + 21034/(-14))*(-1071)/102.
2, 3, 877
Let q(a) = 2125*a**2 - 54*a + 36. List the prime factors of q(2).
2, 7, 43
Let n(o) = -5*o + 51. Let a = 51 + -74. Let i(k) = 3*k + 77. Let c be i(a). What are the prime factors of n(c)?
11
Let n(z) = 1243*z + 16705. List the prime factors of n(-10).
3, 5, 19
Let u = -451 + 3006. What are the prime factors of u?
5, 7, 73
Suppose 5*o = 2*o. Let b be (2/(-10))/(((-189)/(-7035))/(-9)). Suppose -5*m + b + 78 = o. What are the prime factors of m?
29
Let h(y) = y**2 + 12*y - 14. Let u be h(-13). Let a be 0/(u - (0 + -2)). Suppose 7*m - 16 - 201 = a. List the prime factors of m.
31
Suppose -3*g + 56826 + 233730 = 15*g. List the prime factors of g.
2, 7, 1153
Suppose 5*m + 2*k - 85 = 0, -4 = -2*m + k + 21. Suppose 16*o + m*o = 124. List the prime factors of o.
2
Let q(y) = 2*y**2 - 13*y + 9. Let i be q(7). Suppose 0 = -10*x + i*x - 30. What are the prime factors of (-1 + x)*35/28?
5
Let g(d) = -294*d - 20. Let l be g(10). Let k be ((-1)/2)/(4/l). Suppose -5*r = 4*b - 0*b - k, -4*r - 3*b + 295 = 0. List the prime factors of r.
2, 5, 7
Suppose -12*l + 7*l = -1590. Let y = -83 + l. List the prime factors of y.
5, 47
Let n(m) = -m**2 + m + 3. Let r be n(0). Let b be 3 + 1 - (-202 - -3). Suppose -49 - b = -r*f. List the prime factors of f.
2, 3, 7
Suppose 125 = 2*n - 253. Let t = -1698 - -1694. Let h = n + t. What are the prime factors of h?
5, 37
List the prime factors of (-24543)/162*(-1076)/6.
101, 269
Suppose -12 + 32 = 2*t. Suppose -3*z = t*z - 21021. What are the prime factors of z?
3, 7, 11
Suppose 0*a + 2*a = 8. Suppose 0 = -a*v + 1461 + 371. Suppose -10 = -9*k + v. What are the prime factors of k?
2, 13
Let l = -48 + 55. Suppose l = u - 1. Suppose -u*n + 808 = -0*n. What are the prime factors of n?
101
Suppose -2058268 = -36*g - 346072. What are the prime factors of g?
199, 239
Let b(g) = -22*g + 6. Let d(w) = 35*w - 9*w - 69*w + 13. Let r(l) = 5*b(l) - 3*d(l). List the prime factors of r(4).
67
List the prime factors of (-48)/(-32) + 13305/2.
2, 3, 1109
Let n = -1810 - -3178. What are the prime factors of (n/(-21) - -6)*-7?
2, 3, 23
Suppose -4*u + 4*g + 41840 = 0, -14*g + 10*g + 52264 = 5*u. List the prime factors of u.
2, 1307
Let w = 10422 - 1317. List the prime factors of w.
3, 5, 607
Let z = -56 - 19. Let q(h) = 3*h**2 + 15*h - 13. Let a be q(5). Let u = z + a. List the prime factors of u.
2, 31
Let b = 39885 + -18149. List the prime factors of b.
2, 11, 13, 19
Let w = 69594 - 11559. What are the prime factors of w?
3, 5, 53, 73
Suppose -10*a + 8*a = 5*y - 32, 0 = 5*a + 3*y - 42. Suppose -2*d - 10 = -7*d. Suppose 111 = v - 3*p, -a*v - 101 = -7*v - d*p. List the prime factors of v.
3, 5, 7
Suppose -z + 1059 = -p, -5*p + 3198 = 3*z - p. Let o = -380 + z. List the prime factors of o.
2, 11, 31
Suppose -24*h = -21*h + 24. What are the prime factors of (6/8)/(1149/(-144) - h)?
2, 3
Let w be 963/(-6)*(-3)/((-27)/12). Let v = w - -589. What are the prime factors of v?
3, 5
Let z(i) be the second derivative of 7*i**5/20 + i**4/6 + i**3 + 5*i**